s divided by 10?
9
Suppose 0 = 4*v + j - 3*j - 72, 3*v = -2*j + 61. Calculate the remainder when 73 is divided by v.
16
Suppose -5*z - 210 = 2*q - 814, 0 = -z + 5*q + 110. Calculate the remainder when z is divided by 42.
36
Suppose -7*s + 18 = -6*s. Calculate the remainder when 70 is divided by s.
16
Let x(l) = l**2 - l + 2. Let h be x(0). Let g = -5 - h. Let i = 11 + g. Calculate the remainder when 5 is divided by i.
1
Let g = -30 + 47. Calculate the remainder when g is divided by 5.
2
Let g be ((-14)/(-4) - 3)*4. Suppose -7 = c - g*z, 5*z - 11 - 2 = 4*c. Suppose 4*l - 8 = j, -l = -3*j + 6 + c. What is the remainder when j is divided by 2?
0
Suppose -6*w = -4*w - 30. What is the remainder when 4/14 + 201/7 is divided by w?
14
Let c be (57/(-15))/(1/(-5)). Let m = 33 - c. Calculate the remainder when m is divided by 4.
2
Calculate the remainder when 36 is divided by (-1 - -17) + (0 - 9/3).
10
Let m = 62 - 28. Let k be (-12)/5*15/2. Let n = 30 + k. Calculate the remainder when m is divided by n.
10
Let u(x) = -x**3 + 8*x**2 - 7*x - 3. What is the remainder when u(6) is divided by 16?
11
What is the remainder when 23 is divided by -1 + -5 + 4 + 2 + 3?
2
Suppose -2*o - 37 = -3*o. What is the remainder when o is divided by 10?
7
Suppose 8 = k + 1. What is the remainder when k is divided by 1/(-2 - -1)*-4?
3
Let y = -14 - -40. What is the remainder when 75 is divided by y?
23
Let l = -72 - -146. What is the remainder when l is divided by 11?
8
Let d = 73 - 58. What is the remainder when d is divided by 2/(-1) - (-11 + 1)?
7
Let m = -99 + 175. Suppose -3*c = -56 - m. Calculate the remainder when 27 is divided by 4/(-12) + c/6.
6
Let g(y) = 4*y + 7. Let k(b) = -5*b - 8. Let v(s) = -3*g(s) - 2*k(s). Suppose 0 = 3*x - x - 8. Calculate the remainder when x is divided by v(-4).
1
Let r(u) = -2*u + 4. Let b be r(3). Let n(x) = 2*x**2 + 3*x + 2. What is the remainder when 6 is divided by n(b)?
2
Let c(p) = -17*p + 3. Calculate the remainder when 72 is divided by c(-2).
35
Let q(h) = -h + 9. Let w be q(7). What is the remainder when (-2)/(w - 4)*32 is divided by 17?
15
Suppose -2*b + 45 = 2*a - 5*b, 0 = 4*a + 5*b - 35. Let k = -234 + 164. Calculate the remainder when k/(-4)*12/a is divided by 5.
4
Let t(o) = -o**3 - 2*o**2 + 3*o - 5. What is the remainder when 44 is divided by t(-4)?
14
Let k be (-1)/(((-2)/(-4))/(-1)). Let a = 519 + -501. Calculate the remainder when a is divided by (4/6)/(k/30).
8
Suppose 2*u = n - 28, 7*u - 3*n = 2*u - 72. Let j = 26 - u. What is the remainder when j is divided by 10?
8
Calculate the remainder when 35 is divided by 10/(-25) - 194/(-10).
16
Suppose -68 = -2*j - 0. Let o(w) = w**3 + w**2 - w + 12. Let d(k) = k + 1. Let h be d(-1). What is the remainder when j is divided by o(h)?
10
Let z(a) = 4*a**3 - 5*a**2 + 7*a - 2. Let k(w) = 3*w**3 - 6*w**2 + 6*w - 1. Let b(g) = -3*k(g) + 2*z(g). Calculate the remainder when b(5) is divided by 19.
16
Suppose -5*a - 3*f + 20 + 5 = 0, 2*a - 2*f + 6 = 0. What is the remainder when 3/((2/7)/a) is divided by ((-11)/4)/(6/(-24))?
10
Let b = 81 - 45. Suppose 2*w = -0*w + b. What is the remainder when ((-9)/6)/((-3)/68) is divided by w?
16
Calculate the remainder when -2*(-5)/((-25)/(-95)) is divided by 0 + 0 + -1 + 14.
12
Suppose 0 = k - 0*v + 2*v - 10, -5*k + 50 = -5*v. Calculate the remainder when 47 is divided by k.
7
Let x(k) = k**3 - 2*k**2 + 2*k - 2. Let n be x(3). Let s = 18 - n. Calculate the remainder when 16 is divided by s.
1
Suppose 0 = c - 3*g + 41 + 10, 2*c + 105 = 3*g. Let s be (1/(-3))/(2/c). Let k(v) = 2*v + 11. What is the remainder when k(s) is divided by 10?
9
Let y(a) = a**2 - 6. Let k be (-2)/(-1) - (-12)/4. What is the remainder when 55 is divided by y(k)?
17
Let x(h) = -h**3 + 4*h**2 + 3*h - 4. Calculate the remainder when (27/15)/((-6)/(-50)) is divided by x(4).
7
Calculate the remainder when 0 - -39*-1*(-8)/6 is divided by 28.
24
Let z = 8 + -5. Suppose q - z*q = -82. Calculate the remainder when q is divided by 14.
13
Let p(u) = 15*u**2 + 4*u + 3. Let r be p(-2). Suppose -q - 15 = -r. Let g = q - 9. What is the remainder when g is divided by 11?
9
Let j(d) = -d**2 - 288. Let f be j(0). What is the remainder when 27 is divided by f/(-60)*20/6?
11
Let f(o) = -o**3 - 10*o**2 - 18*o - 9. Calculate the remainder when 11 is divided by f(-8).
4
Suppose -5*g + 140 = c, -4*c - 45 = -3*g + 62. Calculate the remainder when 142 is divided by g.
26
Let l(y) = y**3 + 17*y**2 + 13*y - 21. Suppose -3*n - n + 28 = 0. Calculate the remainder when l(-16) is divided by n.
6
Let k = 90 - 66. Calculate the remainder when 47 is divided by k.
23
Let i(p) = p**2 - 6*p + 2. Let z be i(5). Let s = 6 - z. What is the remainder when 17 is divided by s?
8
Let v = 229 - 70. What is the remainder when v is divided by 40?
39
Suppose 0 = 4*u + 11 + 1, 282 = -3*t + 5*u. Let s = t + 213. Suppose 5*v - 2*v - s = 0. Calculate the remainder when v is divided by 13.
12
Suppose 3*j + 84 = 3*o, 4*j = -j - 5. Let d = 7 + -2. Suppose d*a = 5*t + a - 70, -4*t = 2*a - 56. Calculate the remainder when o is divided by t.
13
Let v be 44/6*6/2. What is the remainder when 31 is divided by (-15)/(-10)*v/3?
9
Let h = -80 - -247. What is the remainder when h is divided by 14?
13
Let z = 49 + 11. What is the remainder when z is divided by 16?
12
Let g(r) = r**3 - r**2 + r - 3. Calculate the remainder when g(2) is divided by 2.
1
Suppose -c + 4*q + 8 = 0, 2*c - 16 = 3*q - q. Suppose 8*a - 22 = 154. Calculate the remainder when a is divided by c.
6
Suppose d = -2*d - 2*b - 4, -4*d - 3*b = 7. Suppose -5*n = -4*w - 7, 5*n - 3*n = 3*w. Suppose 1 = 3*c - w. Calculate the remainder when d is divided by c.
0
Let b = -10 - -17. Suppose -130 = -b*y + 2*y. What is the remainder when y is divided by (-10)/(-4)*(-140)/(-25)?
12
Calculate the remainder when 133 is divided by ((-7)/7)/(2/(-54)).
25
Let r(z) = 10*z + 28. What is the remainder when r(3) is divided by 15?
13
Let k = -3 - -5. Suppose 5*j = -4*v - 256, -j = -2*v - k*v + 32. Let h = j - -85. What is the remainder when h is divided by 13?
11
Let z be 332/6 + (-14)/(-21). What is the remainder when 13 is divided by 4/14 + 376/z?
6
Calculate the remainder when -2 - 0 - (-1 - 125) is divided by 16.
12
Suppose 0 = -4*z + 3*z + 68. Suppose 3*g + 81 = 3*n - 27, z = 2*n - 3*g. What is the remainder when n is divided by 21?
19
Let y(x) = x - 9. Let q be y(4). Let o(z) = z**3 + 6*z**2 + 4*z + 3. Calculate the remainder when o(q) is divided by 12*(35/(-20))/(-7).
2
Let v(n) = 0*n**3 + 4 + n**3 + 0*n**3 + 0*n**3 + 6*n**2. What is the remainder when 15 is divided by v(-6)?
3
Let z(k) = 3*k - 4. Let f be z(3). Let r be (-6)/(-3) + 8 + -1. Suppose -f*a + 15 = 5*v, -v - 2*a + r = 4*v. What is the remainder when v is divided by 1?
0
Suppose -5*q + 3*o + 29 = 1, q - 8 = 3*o. Let i = -9 + 16. Let p = 1 + i. Calculate the remainder when p is divided by q.
3
Suppose a = -5*y - 0 + 3, -5*a - 5*y + 55 = 0. Suppose 3*p - k = 0, 3*p + 6 = 5*k - 6. What is the remainder when a is divided by 7 - -1 - (0 + p)?
6
Calculate the remainder when 59 is divided by (-298)/(-15) - 26/(-195).
19
Let a = 50 - -2. Calculate the remainder when a is divided by 16.
4
Let z(d) = -d - 1. Let q(m) = -m - 1. Let u(g) = 3*q(g) + 6*z(g). Let c = 57 + -45. What is the remainder when u(-6) is divided by c?
9
What is the remainder when 102 is divided by (2*1/(-4))/((-1)/52)?
24
Let z(p) = -4*p - 5. Suppose -5*h - 22 = 13. Calculate the remainder when z(h) is divided by 8.
7
Let h be 183/21 + (-4)/(-14). Let x = -15 + h. Let q = x + 10. What is the remainder when 7 is divided by q?
3
Suppose 2*x + 7 = 5*i, 2*x = 3*i - 0 - 1. Suppose 0 = -5*l + 25, -3*d + 5*l - 3 = 1. What is the remainder when d is divided by x?
3
Let v(b) = 41*b - 2 + 2 - 1. Let q be v(1). Suppose q = 5*y - 0*y. What is the remainder when y is divided by 5?
3
Suppose 3*v = m + 2*m - 3, -4*m - v = -19. Suppose -2*b + 2 = m, -99 = -4*f - 5*b. Calculate the remainder when f is divided by 14.
12
Suppose 6 = -3*r - 6. Let h = r - -10. Let u = 17 + -1. Calculate the remainder when u is divided by h.
4
Suppose 0*a = a - 30. Calculate the remainder when 15 is divided by a/7 + 6/(-21).
3
What is the remainder when (-3)/(-5) + (-187)/(-5) is divided by 14?
10
Le